8
What is the remainder when 94496 is divided by 750?
746
What is the remainder when 49146 is divided by 174?
78
Calculate the remainder when 482638 is divided by 24.
22
What is the remainder when 159783 is divided by 79853?
77
Calculate the remainder when 303149 is divided by 303146.
3
Calculate the remainder when 80717 is divided by 5380.
17
What is the remainder when 65774 is divided by 13?
7
What is the remainder when 7353 is divided by 2449?
6
Calculate the remainder when 3508 is divided by 31.
5
What is the remainder when 20385 is divided by 88?
57
Calculate the remainder when 1237 is divided by 422.
393
What is the remainder when 601 is divided by 13?
3
Calculate the remainder when 1744 is divided by 773.
198
What is the remainder when 6350 is divided by 1980?
410
Calculate the remainder when 19582 is divided by 144.
142
Calculate the remainder when 2806 is divided by 910.
76
What is the remainder when 13983 is divided by 3486?
39
Calculate the remainder when 5659 is divided by 5645.
14
What is the remainder when 10510 is divided by 233?
25
Calculate the remainder when 32574 is divided by 16278.
18
What is the remainder when 8731 is divided by 26?
21
Calculate the remainder when 27122 is divided by 5418.
32
What is the remainder when 356110 is divided by 407?
392
What is the remainder when 408622 is divided by 24?
22
What is the remainder when 696897 is divided by 115?
112
What is the remainder when 59156 is divided by 372?
8
Calculate the remainder when 78934 is divided by 92.
90
What is the remainder when 62229 is divided by 342?
327
Calculate the remainder when 86959 is divided by 24.
7
Calculate the remainder when 4210 is divided by 535.
465
Calculate the remainder when 20813 is divided by 772.
741
Calculate the remainder when 18574 is divided by 177.
166
What is the remainder when 16024 is divided by 2289?
1
Calculate the remainder when 343 is divided by 65.
18
Calculate the remainder when 3123 is divided by 401.
316
What is the remainder when 559813 is divided by 19?
16
Calculate the remainder when 17478 is divided by 8733.
12
What is the remainder when 85882 is divided by 68?
66
What is the remainder when 12429 is divided by 6179?
71
What is the remainder when 4067 is divided by 662?
95
Calculate the remainder when 323068 is divided by 267.
265
Calculate the remainder when 111 is divided by 57.
54
What is the remainder when 563182 is divided by 27?
16
What is the remainder when 2122146 is divided by 14?
12
Calculate the remainder when 2692 is divided by 700.
592
What is the remainder when 1392 is divided by 57?
24
Calculate the remainder when 50090 is divided by 3.
2
Calculate the remainder when 1337615 is divided by 56.
55
What is the remainder when 7231 is divided by 98?
77
What is the remainder when 8078 is divided by 892?
50
What is the remainder when 1201 is divided by 97?
37
What is the remainder when 29010 is divided by 764?
742
Calculate the remainder when 331780 is divided by 110586.
22
What is the remainder when 588 is divided by 577?
11
What is the remainder when 138563 is divided by 24?
11
What is the remainder when 299378 is divided by 891?
2
What is the remainder when 18277 is divided by 5964?
385
What is the remainder when 67118 is divided by 198?
194
Calculate the remainder when 86177 is divided by 177.
155
Calculate the remainder when 2014680 is divided by 266.
262
Calculate the remainder when 1658 is divided by 100.
58
Calculate the remainder when 12099 is divided by 53.
15
Calculate the remainder when 32018 is divided by 1878.
92
What is the remainder when 38824 is divided by 19401?
22
What is the remainder when 97259 is divided by 19?
17
What is the remainder when 105344 is divided by 215?
209
What is the remainder when 4333 is divided by 3790?
543
What is the remainder when 7837 is divided by 1724?
941
Calculate the remainder when 11763 is divided by 1225.
738
What is the remainder when 264111 is divided by 568?
559
What is the remainder when 1366252 is divided by 30?
22
What is the remainder when 1745 is divided by 165?
95
What is the remainder when 82079 is divided by 451?
448
Calculate the remainder when 17514 is divided by 626.
612
What is the remainder when 12092 is divided by 3965?
197
Calculate the remainder when 5002 is divided by 1240.
42
Calculate the remainder when 15100 is divided by 14.
8
Calculate the remainder when 4220279 is divided by 40.
39
What is the remainder when 106054 is divided by 35348?
10
What is the remainder when 668 is divided by 45?
38
Calculate the remainder when 12712 is divided by 3176.
8
What is the remainder when 24393 is divided by 12187?
19
Calculate the remainder when 171650 is divided by 52.
50
Calculate the remainder when 5248 is divided by 1043.
33
What is the remainder when 2331 is divided by 65?
56
What is the remainder when 58200 is divided by 9700?
0
What is the remainder when 89985 is divided by 1304?
9
Calculate the remainder when 33576 is divided by 274.
148
Calculate the remainder when 644592 is divided by 46.
40
Calculate the remainder when 19948 is divided by 1329.
13
Calculate the remainder when 45452 is divided by 891.
11
What is the remainder when 4208991 is divided by 589?
586
Calculate the remainder when 6201 is divided by 654.
315
Calculate the remainder when 19144 is divided by 25.
19
Calculate the remainder when 2226 is divided by 100.
26
What is the remainder when 10512 is divided by 194?
36
What is the remainder when 5497855 is divided by 832?
831
What is the remainder when 2951 is divided by 162?
35
Calculate the remainder when 435230 is divided by 14.
12
What is the remainder when 1105379 is divided by 53?
11
What is the remainder when 9069 is divided by 49?
4
What is the remainder when 5686 is divided by 1827?
205
What is the remainder when 4147 is divided by 285?
157
What is the remainder when 11074 is divided by 150?
124
Calculate the remainder when 696412 is divided by 696412.
0
Calculate the remainder when 3541 is divided by 3539.
2
What is the remainder when 4735 is divided by 59?
15
Calculate the remainder when 47836 is divided by 357.
355
What is the remainder when 10295 is divided by 171?
35
What is the remainder when 4876 is divided by 287?
284
What is the remainder when 2832 is divided by 51?
27
What is the remainder when 723879 is divided by 54?
9
Calculate the remainder when 535839 is divided by 544.
543
What is the remainder when 15108 is divided by 3775?
8
What is the remainder when 1565 is divided by 770?
25
What is the remainder when 274400 is divided by 1559?
16
Calculate the remainder when 9636 is divided by 193.
179
Calculate the remainder when 1336 is divided by 42.
34
What is the remainder when 1140 is divided by 160?
20
What is the remainder when 6281 is divided by 128?
9
What is the remainder when 90226 is divided by 15037?
4
What is the remainder when 1520 is divided by 532?
456
Calculate the remainder when 83631 is divided by 24.
15
What is the remainder when 2845 is divided by 504?
325
Calculate the remainder when 979394 is divided by 10419.
8
What is the remainder when 35028 is divided by 565?
563
Calculate the remainder when 116698 is divided by 224.
218
What is the remainder when 13915 is divided by 3477?
7
What is the remainder when 398 is divided by 27?
20
What is the remainder when 23879 is divided by 11?
9
What is the remainder when 1344 is divided by 1332?
12
What is the remainder when 3159 is divided by 17?
14
Calculate the remainder when 52835 is divided by 426.
11
Calculate the remainder when 252301 is divided by 363.
16
What is the remainder when 196 is divided by 108?
88
What is the remainder when 41998 is divided by 150?
148
Calculate the remainder when 501959 is divided by 4327.
27
Calculate the remainder when 36536 is divided by 39.
32
What is the remainder when 90344 is divided by 541?
538
What is the remainder when 4576 is divided by 2261?
54
What is the remainder when 1776 is divided by 1579?
197
Calculate the remainder when 11278 is divided by 3758.
4
Calculate the remainder when 119256 is divided by 186.
30
Calculate the remainder when 3716 is divided by 138.
128
What is the remainder when 14800 is divided by 312?
136
Calculate the remainder when 211080 is divided by 1088.
8
What is the remaind